pose h - 13 = -9. Let s(f) = -5*f**2 + h*f + 9*f**2 - 3*f**2 - 11. Let z be s(-6). What is the greatest common factor of 11 and z?
1
Let i = 268 + -132. Suppose 128*x - 51*x - 5236 = 0. Calculate the greatest common factor of x and i.
68
Suppose -45*n + 32 = -43*n. Suppose z - p = n, -3*p - 6 = -z - 4*p. Calculate the greatest common divisor of z and 55.
11
Let h be 0 + 11 + 14762/121. Calculate the greatest common divisor of h and 7.
7
Let w be -1 - (4*-5 + 1). Let q(t) = -t**3 - 15*t**2 - 15*t - 12. Let h be q(-14). Suppose h*l = -7 + 11. What is the highest common divisor of w and l?
2
Suppose 10 = z + z. Suppose -p = z - 3. Let y be (-1)/(-3)*(116 + p). What is the greatest common divisor of 95 and y?
19
Suppose 1006 = 3*y - 2237. Calculate the highest common factor of y and 47.
47
Let q = -41 - -52. Suppose -57*o + 52*o + 220 = 0. What is the highest common factor of o and q?
11
Let w = 30 + -6. Suppose i - q = q + 15, 7*i - 3*q = 39. What is the greatest common divisor of i and w?
3
Let x = -224 + 251. Calculate the greatest common factor of 729 and x.
27
Let n be (-16)/((-133)/(-49) + -3). Calculate the highest common divisor of n and 84.
28
Let g be (-10388)/(-252) + 4/(-18). Suppose g = 3*r + 4*v, 0*r - v = -r + 23. Let a be -1*(-19)/2*10. What is the highest common factor of r and a?
19
Suppose -4*t + 69 = -5*b - 36, -2*b = -2*t + 54. Calculate the greatest common factor of t and 35.
5
Let b(s) be the first derivative of -s**3/3 - 11*s**2/2 + 8*s + 1. Let k = 31 + -40. Let p be b(k). What is the highest common factor of p and 65?
13
Let i(z) = 102*z**2 - z - 1. Let f be i(-1). Suppose 4*s + f = 254. What is the highest common divisor of s and 95?
19
Let o(r) = r**3 + 6*r**2 - 12*r + 10. Let c be o(-8). Let g = c + 40. Let l(d) = 143*d**2 + 1. Let t be l(1). What is the highest common divisor of g and t?
18
Let a(q) = 108*q**2 - 34*q**2 - 35*q**2 - 38*q**2 - 10*q + 36. Let c be a(7). What is the highest common factor of c and 3?
3
Suppose 0 = 5*p + 633 + 152. Let m = -125 - p. Calculate the greatest common divisor of 224 and m.
32
Let n be (0 - -59)/((-2)/(-8)). Calculate the greatest common factor of n and 59.
59
Let c = -9 + 18. Let q(d) = -d**3 + 9*d**2 - 12*d - 3. Let a be q(c). Let j = 300 + a. Calculate the highest common factor of 27 and j.
27
Let v = 565 - 365. What is the highest common factor of v and 25?
25
Let w = 5 - 6. Let q be ((-112 + 2)/w)/2. Let v be 11/(((-8)/2)/(-8)). What is the greatest common factor of v and q?
11
Suppose 5*n - 257 = 163. Let f(g) = 10*g - 44. Let v be f(17). What is the greatest common factor of v and n?
42
Suppose -29*u - 1080 = -41*u. Calculate the greatest common factor of u and 495.
45
Let q = 14 + -1. Let y(z) be the first derivative of 4*z**2 + 16*z + 8. Let p be y(11). What is the highest common divisor of q and p?
13
Suppose -12*j + 1392 = 72. Let z = -56 + j. Calculate the greatest common factor of 27 and z.
27
Let s(i) = 42*i - 2. Let h be s(5). Let g be 1920/74 + 40/740. Calculate the highest common divisor of h and g.
26
Suppose -18 - 14 = -4*a. Let m(b) = 4*b**2 - b**3 - 2*b - 5*b**2 + 0*b - b**2 - 2. Let s be m(-2). Calculate the highest common divisor of s and a.
2
Let v = 398 - 372. What is the highest common factor of 65 and v?
13
Let g be 322 + (1*(3 - 4) - -1). Let p = g + -203. Calculate the highest common divisor of p and 17.
17
Let w = 1322 - 1277. Calculate the greatest common factor of w and 345.
15
Suppose 3*j + 3 + 0 = 0. Let a be (j + 0)*(-3 - 4). Let z(t) = t + 5. Let b be z(a). What is the highest common divisor of b and 48?
12
Suppose -2*m + 37 = -251. Let w = 0 - -3. Suppose -z - w*z = -m. What is the highest common divisor of z and 54?
18
Suppose 17 = -b + 20. Suppose -5*u = -0*u - 2*r - 42, -b*u - 4*r = -20. What is the highest common divisor of 1 and u?
1
Let c be (-2)/4 + (-1549)/(-2). Suppose -2*s + 5*l + 170 = -128, -5*s - 2*l = -c. Suppose 128 - 18 = 5*w. Calculate the greatest common divisor of s and w.
22
Let d(q) = q**2 - 8*q + 13. Let o be d(6). Let b = o - -3. Suppose 0*v + b*v - 148 = 0. What is the greatest common divisor of v and 185?
37
Suppose -3*j - 5*n + 144 = 0, 0 = -3*j + 6*j + n - 144. Calculate the highest common divisor of 552 and j.
24
Let p be 4/7 - (-23639)/49. Calculate the highest common factor of p and 69.
69
Let q(u) = 5*u - 84. Let n be q(21). Suppose 0 = v - 22 - 146. Calculate the greatest common divisor of v and n.
21
Suppose 3 = -5*p + 6*p, 0 = -g + 5*p. Let m be -4*g*3/(-6). Let d = 16 - 10. What is the greatest common factor of d and m?
6
Suppose 5*n - 5*o + o = 9, 5*n = 5*o + 5. Let j be (18/10 - -3) + (-1)/(-5). Calculate the greatest common factor of j and n.
5
Let t(r) = 5*r**2 - 4*r + 3. Let s(n) = -n**3 - 2*n**2 + 2*n. Let d be s(-3). Let v be t(d). Calculate the greatest common divisor of 27 and v.
9
Suppose 2*z = 2*j - 346, 8*j = 13*j + z - 877. Calculate the greatest common factor of 140 and j.
35
Suppose 4*h - 296 - 124 = 0. What is the greatest common divisor of h and 140?
35
Suppose 4*a + 16 = -3*o, 2*a - 6 - 16 = o. Let y be (4/10)/(o/(-900)). What is the highest common factor of 15 and y?
15
Suppose -51376 = 29*k - 81*k. What is the greatest common factor of 152 and k?
76
Suppose -c + 26 = u, 5*u + 3*c - 12 = 122. What is the highest common divisor of u and 8?
4
Suppose -76 - 71 = -3*z. Suppose 4*g - 5 = -z. Let o = 19 + g. Calculate the greatest common factor of o and 4.
4
Suppose 50*n - 275 = 49*n. Calculate the greatest common factor of 11 and n.
11
Let a be 1/2 + -3*(-15)/(-6). Let u be 6/((42/(-16))/a). Calculate the highest common divisor of u and 40.
8
Let a = -45 + 101. Let n be ((-66)/(-10) - (-10)/25)*2. What is the greatest common divisor of n and a?
14
Let o = -152 - -154. Let l be 4*(o - (-9 + 4))*1. What is the greatest common factor of l and 35?
7
Let s = 473 - 229. What is the greatest common divisor of 183 and s?
61
Let f be 32/(-40) - (-36)/20. Calculate the highest common divisor of f and 14.
1
Suppose -320 = -5*k + 200. Let s = k - 59. Suppose -83 = -19*v + 202. Calculate the highest common divisor of s and v.
15
Suppose -155 + 227 = 3*r. Calculate the highest common factor of 40 and r.
8
Let a(p) = -34*p**2 + 9*p - 22. Let s be a(5). Let i = -530 - s. Calculate the greatest common divisor of i and 27.
27
Let o(p) = -p**2 - 5*p + 8. Let b be o(-6). Let d be 315/18*b/1. Let g = d - 5. What is the greatest common factor of 6 and g?
6
Let i = 2143 - 2105. What is the greatest common divisor of 1121 and i?
19
Let c(j) = 8*j - 43. Let u = -46 - -52. Let t be c(u). Calculate the greatest common divisor of 40 and t.
5
Let i be (1/2)/(2/12). Let m be 2*i/(-3)*-1. Let f be (0/2 - m)*-5. What is the highest common divisor of f and 40?
10
Let k(s) = 33*s + 2. Let i(u) = u - 1. Let h(z) = 4*i(z) - k(z). Let j be h(-4). Let y = 14 + -4. What is the greatest common divisor of y and j?
10
Let i be 12/42 - (-6)/(-21). Suppose -4*l + m + 0*m + 13 = 0, -4*l - m + 3 = i. What is the greatest common factor of l and 10?
2
Let s = -551 - -590. Calculate the highest common factor of 1248 and s.
39
Let d(s) = s + 9. Let y be d(9). Suppose 5*q + 2*x - 118 = 0, -5*q = -x + y - 139. Suppose 36 + q = 5*l. What is the greatest common factor of l and 108?
12
Suppose 588*f + 276 = 591*f. What is the greatest common factor of f and 460?
92
Suppose 9*p - 6*p - 5*g - 110 = 0, 2*p = -4*g + 110. Calculate the highest common factor of p and 36.
9
Suppose 2*x - 3*x + 3*m + 25 = 0, -x = 4*m - 32. Let l be ((-21)/35)/((-3)/10) - -20. Let w = x - l. Calculate the greatest common divisor of 42 and w.
6
Suppose -6536 = 493*w - 536*w. What is the highest common divisor of w and 380?
76
Suppose 0*a = 2*a - 18. Suppose a*i - 150 = 282. Calculate the greatest common factor of 120 and i.
24
Let v(r) = -7*r + 6. Let n be v(-6). Suppose 0 = -a + 3*a. Suppose a = -4*l - 2 + 50. Calculate the greatest common factor of n and l.
12
Suppose 0 = i - 2. Suppose -i*f + 0*f = -40. Let l be 77 - (4/(-4) - 2). What is the highest common factor of l and f?
20
Suppose 5*n = 3*b - 546, -2*b - 4*n = -3*n - 377. Calculate the highest common divisor of 17 and b.
17
Let j(m) = 9*m - 8. Let q be j(-3). Let g = q - -9. Let r = g - -27. Calculate the greates